{"id":236,"date":"2023-01-15T19:17:13","date_gmt":"2023-01-15T18:17:13","guid":{"rendered":"http:\/\/boulevardbd.com\/?page_id=236"},"modified":"2023-01-26T17:04:44","modified_gmt":"2023-01-26T16:04:44","slug":"chemin-des-interviews","status":"publish","type":"page","link":"https:\/\/boulevardbd.com\/index.php\/chemin-des-interviews\/","title":{"rendered":"Chemin des INTERVIEWS"},"content":{"rendered":"\n<div class=\"wp-block-group\"><div class=\"wp-block-group__inner-container is-layout-constrained wp-block-group-is-layout-constrained\"><ul class=\"wp-block-latest-posts__list has-dates has-author aligncenter wp-block-latest-posts\"><li><div class=\"wp-block-latest-posts__featured-image aligncenter\"><a href=\"https:\/\/boulevardbd.com\/index.php\/2023\/11\/08\/interview-loui\/\" aria-label=\"Interview Loui\"><img loading=\"lazy\" decoding=\"async\" width=\"552\" height=\"311\" src=\"https:\/\/boulevardbd.com\/wp-content\/uploads\/2023\/11\/Instantane-1-07-11-2023-18-00.png\" class=\"attachment-large size-large wp-post-image\" alt=\"\" style=\"max-width:768px;max-height:768px;\" srcset=\"https:\/\/boulevardbd.com\/wp-content\/uploads\/2023\/11\/Instantane-1-07-11-2023-18-00.png 552w, https:\/\/boulevardbd.com\/wp-content\/uploads\/2023\/11\/Instantane-1-07-11-2023-18-00-300x169.png 300w\" sizes=\"auto, (max-width: 552px) 100vw, 552px\" \/><\/a><\/div><a class=\"wp-block-latest-posts__post-title\" href=\"https:\/\/boulevardbd.com\/index.php\/2023\/11\/08\/interview-loui\/\">Interview Loui<\/a><div class=\"wp-block-latest-posts__post-author\">par Laurent Lafourcade<\/div><time datetime=\"2023-11-08T22:39:10+01:00\" class=\"wp-block-latest-posts__post-date\">8 novembre 2023<\/time><div class=\"wp-block-latest-posts__post-full-content\"><!-- wp:paragraph {\"align\":\"right\",\"textColor\":\"luminous-vivid-amber\"} -->\n<p class=\"has-text-align-right has-luminous-vivid-amber-color has-text-color\">Red Flower<\/p>\n<!-- \/wp:paragraph -->\n\n<!-- wp:paragraph -->\n<p>Apr\u00e8s avoir d\u00e9but\u00e9 en auto-\u00e9dition, Loui entre dans la cours des grands. Red Flower d\u00e9barque chez Gl\u00e9nat. Rencontre avec un mangaka qu&rsquo;on risque de lire longtemps.<\/p>\n<!-- \/wp:paragraph -->\n\n<!-- wp:embed {\"url\":\"https:\/\/youtu.be\/ybIu9aHCm1k\",\"type\":\"video\",\"providerNameSlug\":\"youtube\",\"responsive\":true,\"className\":\"wp-embed-aspect-16-9 wp-has-aspect-ratio\"} -->\n<figure class=\"wp-block-embed is-type-video is-provider-youtube wp-block-embed-youtube wp-embed-aspect-16-9 wp-has-aspect-ratio\"><div class=\"wp-block-embed__wrapper\">\nhttps:\/\/youtu.be\/ybIu9aHCm1k\n<\/div><\/figure>\n<!-- \/wp:embed --><\/div><\/li>\n<li><div class=\"wp-block-latest-posts__featured-image aligncenter\"><a href=\"https:\/\/boulevardbd.com\/index.php\/2023\/05\/01\/interview-christophe-cointault-2\/\" aria-label=\"Interview Christophe Cointault\"><img loading=\"lazy\" decoding=\"async\" width=\"552\" height=\"311\" src=\"https:\/\/boulevardbd.com\/wp-content\/uploads\/2023\/05\/CC-2.png\" class=\"attachment-large size-large wp-post-image\" alt=\"\" style=\"max-width:768px;max-height:768px;\" srcset=\"https:\/\/boulevardbd.com\/wp-content\/uploads\/2023\/05\/CC-2.png 552w, https:\/\/boulevardbd.com\/wp-content\/uploads\/2023\/05\/CC-2-300x169.png 300w\" sizes=\"auto, (max-width: 552px) 100vw, 552px\" \/><\/a><\/div><a class=\"wp-block-latest-posts__post-title\" href=\"https:\/\/boulevardbd.com\/index.php\/2023\/05\/01\/interview-christophe-cointault-2\/\">Interview Christophe Cointault<\/a><div class=\"wp-block-latest-posts__post-author\">par Laurent Lafourcade<\/div><time datetime=\"2023-05-01T23:22:40+02:00\" class=\"wp-block-latest-posts__post-date\">1 mai 2023<\/time><div class=\"wp-block-latest-posts__post-full-content\"><!-- wp:paragraph {\"align\":\"right\",\"textColor\":\"luminous-vivid-amber\"} -->\n<p class=\"has-text-align-right has-luminous-vivid-amber-color has-text-color\"><strong>Episode 2 : Les d\u00e9buts et l&rsquo;avenir<\/strong><\/p>\n<!-- \/wp:paragraph -->\n\n<!-- wp:paragraph -->\n<p>Ses d\u00e9buts et ses projets, Christophe Cointault nous dit tout et s&rsquo;appr\u00eate \u00e0 nous faire d\u00e9couvrir le MMA.<\/p>\n<!-- \/wp:paragraph -->\n\n<!-- wp:embed {\"url\":\"https:\/\/youtu.be\/iLir-5ZbTIc\",\"type\":\"video\",\"providerNameSlug\":\"youtube\",\"responsive\":true,\"className\":\"wp-embed-aspect-16-9 wp-has-aspect-ratio\"} -->\n<figure class=\"wp-block-embed is-type-video is-provider-youtube wp-block-embed-youtube wp-embed-aspect-16-9 wp-has-aspect-ratio\"><div class=\"wp-block-embed__wrapper\">\nhttps:\/\/youtu.be\/iLir-5ZbTIc\n<\/div><\/figure>\n<!-- \/wp:embed --><\/div><\/li>\n<li><div class=\"wp-block-latest-posts__featured-image aligncenter\"><a href=\"https:\/\/boulevardbd.com\/index.php\/2023\/04\/25\/interview-christophe-cointault\/\" aria-label=\"Interview Christophe Cointault\"><img loading=\"lazy\" decoding=\"async\" width=\"552\" height=\"311\" src=\"https:\/\/boulevardbd.com\/wp-content\/uploads\/2023\/04\/CC-1.png\" class=\"attachment-large size-large wp-post-image\" alt=\"\" style=\"max-width:768px;max-height:768px;\" srcset=\"https:\/\/boulevardbd.com\/wp-content\/uploads\/2023\/04\/CC-1.png 552w, https:\/\/boulevardbd.com\/wp-content\/uploads\/2023\/04\/CC-1-300x169.png 300w\" sizes=\"auto, (max-width: 552px) 100vw, 552px\" \/><\/a><\/div><a class=\"wp-block-latest-posts__post-title\" href=\"https:\/\/boulevardbd.com\/index.php\/2023\/04\/25\/interview-christophe-cointault\/\">Interview Christophe Cointault<\/a><div class=\"wp-block-latest-posts__post-author\">par Laurent Lafourcade<\/div><time datetime=\"2023-04-25T23:11:46+02:00\" class=\"wp-block-latest-posts__post-date\">25 avril 2023<\/time><div class=\"wp-block-latest-posts__post-full-content\"><!-- wp:paragraph {\"align\":\"right\",\"textColor\":\"luminous-vivid-amber\"} -->\n<p class=\"has-text-align-right has-luminous-vivid-amber-color has-text-color\">Episode 1 : Wind fighters<\/p>\n<!-- \/wp:paragraph -->\n\n<!-- wp:paragraph -->\n<p><\/p>\n<!-- \/wp:paragraph -->\n\n<!-- wp:paragraph -->\n<p>Quand le manga fran\u00e7ais n&rsquo;a rien \u00e0 envier \u00e0 son mod\u00e8le d&rsquo;origine, c&rsquo;est dans le vent, c&rsquo;est dans le combat, c&rsquo;est Wind Fighters !<\/p>\n<!-- \/wp:paragraph -->\n\n<!-- wp:paragraph -->\n<p><\/p>\n<!-- \/wp:paragraph -->\n\n<!-- wp:embed {\"url\":\"https:\/\/youtu.be\/0gB1bnNfmU4\",\"type\":\"video\",\"providerNameSlug\":\"youtube\",\"responsive\":true,\"className\":\"wp-embed-aspect-16-9 wp-has-aspect-ratio\"} -->\n<figure class=\"wp-block-embed is-type-video is-provider-youtube wp-block-embed-youtube wp-embed-aspect-16-9 wp-has-aspect-ratio\"><div class=\"wp-block-embed__wrapper\">\nhttps:\/\/youtu.be\/0gB1bnNfmU4\n<\/div><\/figure>\n<!-- \/wp:embed -->\n\n<!-- wp:separator -->\n<hr class=\"wp-block-separator has-alpha-channel-opacity\" \/>\n<!-- \/wp:separator --><\/div><\/li>\n<li><div class=\"wp-block-latest-posts__featured-image aligncenter\"><a href=\"https:\/\/boulevardbd.com\/index.php\/2023\/03\/16\/entretiens-avec-les-auteurs-de-visages-3-3\/\" aria-label=\"Entretiens avec les auteurs de Visages 3\/3\"><img loading=\"lazy\" decoding=\"async\" width=\"320\" height=\"180\" src=\"https:\/\/boulevardbd.com\/wp-content\/uploads\/2023\/03\/mqdefault-2.webp\" class=\"attachment-large size-large wp-post-image\" alt=\"\" style=\"max-width:768px;max-height:768px;\" srcset=\"https:\/\/boulevardbd.com\/wp-content\/uploads\/2023\/03\/mqdefault-2.webp 320w, https:\/\/boulevardbd.com\/wp-content\/uploads\/2023\/03\/mqdefault-2-300x169.webp 300w\" sizes=\"auto, (max-width: 320px) 100vw, 320px\" \/><\/a><\/div><a class=\"wp-block-latest-posts__post-title\" href=\"https:\/\/boulevardbd.com\/index.php\/2023\/03\/16\/entretiens-avec-les-auteurs-de-visages-3-3\/\">Entretiens avec les auteurs de Visages 3\/3<\/a><div class=\"wp-block-latest-posts__post-author\">par Laurent Lafourcade<\/div><time datetime=\"2023-03-16T22:39:00+01:00\" class=\"wp-block-latest-posts__post-date\">16 mars 2023<\/time><div class=\"wp-block-latest-posts__post-full-content\"><!-- wp:paragraph {\"align\":\"right\",\"textColor\":\"luminous-vivid-amber\"} -->\n<p class=\"has-text-align-right has-luminous-vivid-amber-color has-text-color\"><strong>Ceux que nous sommes Episode 3\/3<\/strong><\/p>\n<!-- \/wp:paragraph -->\n\n<!-- wp:paragraph -->\n<p>Voici le troisi\u00e8me et dernier \u00e9pisode des entretiens avec Nathalie Ponsard-Gutknecht, Miceal Beausang-O\u2019Griafa et Aur\u00e9lien Morini\u00e8re, auteurs de la s\u00e9rie \u00e9v\u00e9nement de l\u2019ann\u00e9e : Visages \u2013 Ceux que nous sommes, dont le premier tome est paru r\u00e9cemment. Le vingti\u00e8me si\u00e8cle est certainement l\u2019un des plus sombres de l\u2019Histoire de l\u2019humanit\u00e9. \u00ab\u00a0D\u2019o\u00f9 venons-nous ? Que sommes-nous ? O\u00f9 allons-nous ?\u00a0\u00bb. Accompagnons Georg pour trouver la r\u00e9ponse \u00e0 ces questions. Si tant est qu\u2019il y en ait une.<\/p>\n<!-- \/wp:paragraph -->\n\n<!-- wp:embed {\"url\":\"https:\/\/youtu.be\/q3JvY1qc0Po\",\"type\":\"video\",\"providerNameSlug\":\"youtube\",\"responsive\":true,\"className\":\"wp-embed-aspect-16-9 wp-has-aspect-ratio\"} -->\n<figure class=\"wp-block-embed is-type-video is-provider-youtube wp-block-embed-youtube wp-embed-aspect-16-9 wp-has-aspect-ratio\"><div class=\"wp-block-embed__wrapper\">\nhttps:\/\/youtu.be\/q3JvY1qc0Po\n<\/div><\/figure>\n<!-- \/wp:embed --><\/div><\/li>\n<li><div class=\"wp-block-latest-posts__featured-image aligncenter\"><a href=\"https:\/\/boulevardbd.com\/index.php\/2023\/03\/16\/entretiens-avec-les-auteurs-de-visages-2-3\/\" aria-label=\"Entretiens avec les auteurs de Visages 2\/3\"><img loading=\"lazy\" decoding=\"async\" width=\"320\" height=\"180\" src=\"https:\/\/boulevardbd.com\/wp-content\/uploads\/2023\/03\/mqdefault.jpg\" class=\"attachment-large size-large wp-post-image\" alt=\"\" style=\"max-width:768px;max-height:768px;\" srcset=\"https:\/\/boulevardbd.com\/wp-content\/uploads\/2023\/03\/mqdefault.jpg 320w, https:\/\/boulevardbd.com\/wp-content\/uploads\/2023\/03\/mqdefault-300x169.jpg 300w\" sizes=\"auto, (max-width: 320px) 100vw, 320px\" \/><\/a><\/div><a class=\"wp-block-latest-posts__post-title\" href=\"https:\/\/boulevardbd.com\/index.php\/2023\/03\/16\/entretiens-avec-les-auteurs-de-visages-2-3\/\">Entretiens avec les auteurs de Visages 2\/3<\/a><div class=\"wp-block-latest-posts__post-author\">par Laurent Lafourcade<\/div><time datetime=\"2023-03-16T22:36:05+01:00\" class=\"wp-block-latest-posts__post-date\">16 mars 2023<\/time><div class=\"wp-block-latest-posts__post-full-content\"><!-- wp:paragraph {\"align\":\"right\",\"textColor\":\"luminous-vivid-amber\"} -->\n<p class=\"has-text-align-right has-luminous-vivid-amber-color has-text-color\"><strong>Ceux que nous sommes Episode 2\/3<\/strong><\/p>\n<!-- \/wp:paragraph -->\n\n<!-- wp:paragraph -->\n<p>Voici le deuxi\u00e8me \u00e9pisode sur trois des entretiens avec Nathalie Ponsard-Gutknecht, Miceal Beausang-O\u2019Griafa et Aur\u00e9lien Morini\u00e8re, auteurs de la s\u00e9rie \u00e9v\u00e9nement de l\u2019ann\u00e9e : Visages \u2013 Ceux que nous sommes, dont le premier tome est paru r\u00e9cemment. Le vingti\u00e8me si\u00e8cle est certainement l\u2019un des plus sombres de l\u2019Histoire de l\u2019humanit\u00e9. \u00ab\u00a0D\u2019o\u00f9 venons-nous ? Que sommes-nous ? O\u00f9 allons-nous ?\u00a0\u00bb. Accompagnons Georg pour trouver la r\u00e9ponse \u00e0 ces questions. Si tant est qu\u2019il y en ait une.<\/p>\n<!-- \/wp:paragraph -->\n\n<!-- wp:embed {\"url\":\"https:\/\/youtu.be\/K1Go0p6Zqp8\",\"type\":\"video\",\"providerNameSlug\":\"youtube\",\"responsive\":true,\"className\":\"wp-embed-aspect-16-9 wp-has-aspect-ratio\"} -->\n<figure class=\"wp-block-embed is-type-video is-provider-youtube wp-block-embed-youtube wp-embed-aspect-16-9 wp-has-aspect-ratio\"><div class=\"wp-block-embed__wrapper\">\nhttps:\/\/youtu.be\/K1Go0p6Zqp8\n<\/div><\/figure>\n<!-- \/wp:embed --><\/div><\/li>\n<\/ul><\/div><\/div>\n","protected":false},"excerpt":{"rendered":"","protected":false},"author":1,"featured_media":0,"parent":0,"menu_order":0,"comment_status":"closed","ping_status":"closed","template":"","meta":{"content-type":"","footnotes":""},"class_list":["post-236","page","type-page","status-publish","hentry"],"jetpack_sharing_enabled":true,"_links":{"self":[{"href":"https:\/\/boulevardbd.com\/index.php\/wp-json\/wp\/v2\/pages\/236","targetHints":{"allow":["GET"]}}],"collection":[{"href":"https:\/\/boulevardbd.com\/index.php\/wp-json\/wp\/v2\/pages"}],"about":[{"href":"https:\/\/boulevardbd.com\/index.php\/wp-json\/wp\/v2\/types\/page"}],"author":[{"embeddable":true,"href":"https:\/\/boulevardbd.com\/index.php\/wp-json\/wp\/v2\/users\/1"}],"replies":[{"embeddable":true,"href":"https:\/\/boulevardbd.com\/index.php\/wp-json\/wp\/v2\/comments?post=236"}],"version-history":[{"count":15,"href":"https:\/\/boulevardbd.com\/index.php\/wp-json\/wp\/v2\/pages\/236\/revisions"}],"predecessor-version":[{"id":610,"href":"https:\/\/boulevardbd.com\/index.php\/wp-json\/wp\/v2\/pages\/236\/revisions\/610"}],"wp:attachment":[{"href":"https:\/\/boulevardbd.com\/index.php\/wp-json\/wp\/v2\/media?parent=236"}],"curies":[{"name":"wp","href":"https:\/\/api.w.org\/{rel}","templated":true}]}}